Suppose 0*w - 2*w = 2*p - 64, 4*w + 4 = 0. Calculate the remainder when p is divided by g.
6
Let m(y) = 4*y**2 - 2*y + y**3 + y + 1 + 0*y. What is the remainder when m(-4) is divided by 3?
2
Let g = 10 + -5. What is the remainder when 3 is divided by (g + -3)*2 - 3?
0
Let v(b) = -b**2 + 14*b. Suppose -12 = -3*u + 9. Calculate the remainder when v(u) is divided by 17.
15
Suppose -d + 19 = 3*g, -2*g + 4*g - d - 21 = 0. Calculate the remainder when 19 is divided by g.
3
Let t(o) = 16*o + 1. Calculate the remainder when t(3) is divided by 10.
9
Suppose -5*a = -i - 76, 4*i = -3*a + 26 + 38. Suppose 116 = 3*y + y. What is the remainder when y is divided by a?
13
Suppose -7*y + 32 = -45. Let n be (-1 + 2)*(-1 + 0). Let j = n + y. Calculate the remainder when j is divided by 4.
2
Let g = -35 + 54. Calculate the remainder when g is divided by 5.
4
Suppose -31*u + 145 = -26*u. Suppose 2*r - 16 = -0*r. Calculate the remainder when u is divided by r.
5
Let s = -30 + 37. Suppose 0 = 4*f - 2*f + 4*t - 6, -f = -3*t - 8. What is the remainder when s is divided by f?
2
Suppose -i - 124 = -2*m, -2*i = -4*m + 3*i + 254. What is the remainder when m is divided by 16?
13
Let v(k) = 13*k - 5. Calculate the remainder when 232 is divided by v(4).
44
Let v = -6 + 20. What is the remainder when v is divided by (-3 - -9)*2/4?
2
Suppose 0 = 4*b - 107 + 31. Suppose 7 = -j - 0*j. Let f(o) = o**2 + 2*o + 1. What is the remainder when f(j) is divided by b?
17
Suppose -5*u = 5*g - 220, -3*u = 3*g - 2*u - 128. Let a = 78 - g. What is the remainder when a is divided by 13?
10
Suppose 2*t - 1 - 3 = 0. Suppose -12 = -2*r - t*r. What is the remainder when r is divided by 2?
1
Suppose 1 = a - 4. Suppose 4*y = -o + 6*o - 43, y - 33 = -a*o. Calculate the remainder when (19/3)/(1/3) is divided by o.
5
Let a(z) = z**3 + 16*z**2 - 2*z - 27. Suppose -2*b = -3*b + 4. Calculate the remainder when a(-16) is divided by b.
1
Suppose a + 4*u - 3*u = 17, a - 29 = -4*u. Calculate the remainder when 34 is divided by a.
8
Let w(c) = c**3 - 6*c**2 + 2. Let t be w(6). Suppose h + 5 = t*h. What is the remainder when h is divided by 2?
1
Let s = 5 - 2. Suppose 4*d = s*i - 118, -5*d = 4*i + 40 + 92. Let o = d - -58. Calculate the remainder when o is divided by 16.
14
Suppose -6*p - 303 = -9*p. Calculate the remainder when p is divided by 34.
33
Let r = -25 + 44. Calculate the remainder when 35 is divided by r.
16
Let k be (-10)/15 - (-6)/9. Suppose k = -f + 4*u + 7, -3*f + 2*u + 0*u = -61. What is the remainder when f is divided by 8?
7
Let j be (-4)/(3 + 1/(-1)). Let b be (j - 20)/(-2*1). Let i = -2 + b. Calculate the remainder when i is divided by 6.
3
Let x be 9/6*(-70)/(-15). Let j = -3 + x. Calculate the remainder when 10 is divided by j.
2
Suppose -3*k - 2 = 2*w, 5 = -2*w - 3. What is the remainder when 3 is divided by k?
1
Let i be ((-198)/(-24))/((-1)/12). What is the remainder when (-24)/(3 - i/(-30)) is divided by 27?
26
Let m be (-2)/14 + 108/(-28). Suppose -6 = 3*g + 4*l - 29, -l - 69 = -5*g. What is the remainder when g is divided by m/10 - 111/(-15)?
6
Let m(j) = 41*j**2 - j. Let x(u) be the third derivative of -u**4/24 + 4*u**2. Let k be x(1). What is the remainder when m(k) is divided by 11?
9
Let j = -1 - -4. Suppose -j*o + 28 = 4*z, -2 - 6 = -3*z + o. What is the remainder when 23 is divided by 2 - -12 - z/2?
11
Let c = -220 + 263. What is the remainder when c is divided by (0 - -2)*(-11)/(-2)?
10
Suppose -3*j = 2*d - 30, -d + 13 = 4*j - 2*j. Let o(n) = 7*n**2 - 2*n - 2. Let w be o(2). Suppose -w = -0*c - 2*c. What is the remainder when d is divided by c?
10
Calculate the remainder when 8 is divided by ((-3)/(-2))/(5/10).
2
Suppose 4*o + 13 = v, 140 - 25 = 4*v + 5*o. Suppose -2*x + 5*t + 209 = 0, x + 4*x = 3*t + 494. What is the remainder when x is divided by v?
22
Suppose 0*f + 2*f = -c + 5, 3*f - 60 = -5*c. Calculate the remainder when 43 is divided by c.
13
Let v be (-25)/20 - 1/(-4). Let s(t) = t. Let x be s(v). Let b = x - -3. Calculate the remainder when b is divided by 1.
0
Let n be ((-4)/(-2))/2 + -1. Suppose n = -3*h + h + 36. What is the remainder when h is divided by 10?
8
What is the remainder when 2 - 4/(8/(-18)) is divided by 2?
1
Let u = -2 + -1. Let i be u/9 - 13/(-3). Suppose -4*s + 68 = i*a - a, -3*s + 15 = 0. Calculate the remainder when a is divided by 6.
4
Let q(c) = c - 4. Calculate the remainder when 25 is divided by q(12).
1
Suppose 4*a - 334 = 3*p - 5*p, p = 5*a - 414. What is the remainder when a is divided by 21?
20
Calculate the remainder when -17*(-6)/3 + (-7 - -5) is divided by 18.
14
Let c(o) = -o**2 - o + 13. Suppose 0 = 4*g - h + 14, h = 5*g - 3*g + 6. Let q be 4/(-14) - g/14. What is the remainder when 37 is divided by c(q)?
11
Suppose 2*z - 16 = 8. Suppose -5*r + 8*r = z. Calculate the remainder when 6 is divided by r.
2
Let v(b) = -b**3 + 10*b**2 + 2*b - 3. Let f(k) = k**3 + 3*k**2 - 3*k + 1. Let q be f(-3). What is the remainder when 1/(1/(-1)) + 34 is divided by v(q)?
16
Let a = 14 + 0. Calculate the remainder when 52 is divided by a.
10
Suppose -25 = -5*r, -5*o + 5*r = -4*o + 22. Suppose j - 19 = -16. What is the remainder when o is divided by j?
0
Suppose 5*p - 5*i - 45 = 35, 0 = -2*p - 4*i + 26. What is the remainder when 118 is divided by p?
13
Let w be (-3 - -7)*(-22)/(-8). Let h = w + 6. What is the remainder when 32 is divided by h?
15
Let s = -62 - -119. Suppose 0 = 5*l - s + 2. Let f = 98 + -66. What is the remainder when f is divided by l?
10
Let t(b) = 7*b - 9. Let q be t(6). Suppose -2*p - 11 + q = 0. What is the remainder when 30 is divided by p?
8
Suppose 93 = -n + 4*n. Let r(a) = -5*a**2 - 9. Let c(y) = 2*y**2 + 5. Let i(u) = 7*c(u) + 3*r(u). What is the remainder when n is divided by i(0)?
7
Let f(h) = -h**3 + h**2 + h. Calculate the remainder when 4 is divided by f(1).
0
Let p(u) = u**2 - 20*u + 6. Calculate the remainder when p(21) is divided by 5.
2
Let w(g) = 11*g**2 - 1. Let z be w(1). Calculate the remainder when 12/(-30) + 374/z is divided by 19.
18
Let p(b) = 9*b**3 + 15*b**2 + 19*b - 2. Let u(d) = 4*d**3 + 7*d**2 + 9*d - 1. Let q(m) = 6*p(m) - 13*u(m). Calculate the remainder when q(2) is divided by 2.
1
Suppose -5*y = t - 17, 2*y - 2*t = t + 17. Let n = 362 + -360. Calculate the remainder when y is divided by n.
0
Let a be ((-110)/2)/((-4)/8). Suppose 5*n + 30 = a. What is the remainder when n is divided by 6?
4
Let z = -4 + 16. Suppose -f = -6 - 2. Suppose -60 = -2*i + f. What is the remainder when i is divided by z?
10
Let c = 33 + -24. Calculate the remainder when 26 is divided by c.
8
Suppose 2*y - 23 - 11 = 0. Calculate the remainder when y*2/4*6 is divided by 13.
12
Suppose 25 = 2*y - 5. Suppose 19*u - 16*u = 84. What is the remainder when u is divided by y?
13
Let o = 20 - -5. Suppose 0 = 4*j + j - o. Suppose 2*u = -5*m + 18, 2*u = -u - 5*m + 32. Calculate the remainder when u is divided by j.
4
Let w = -107 + 121. Calculate the remainder when 30 is divided by w.
2
Let p(z) be the third derivative of 5*z**5/12 + 2*z**2. Calculate the remainder when 99 is divided by p(1).
24
Let v(c) = -3*c. What is the remainder when v(-10) is divided by 8?
6
Let o(f) = -2*f - 48. Let g be o(0). What is the remainder when (g/40)/((-6)/260) is divided by 18?
16
Let o(t) = t**2 + 13*t + 10. Let a = -27 + 64. What is the remainder when a is divided by o(-13)?
7
Let u(t) = -2*t**3 - 3*t**2 + t + 2. Let j(f) = -f**2 - f + 4. Let d be j(2). Let y = -18 + 29. What is the remainder when y is divided by u(d)?
3
What is the remainder when -3*((-20)/(-36) - 1)*21 is divided by 15?
13
Let g = -38 - -51. Calculate the remainder when 61 is divided by g.
9
Suppose 0*g - 144 = -8*g. Calculate the remainder when 44 is divided by g.
8
Suppose -24 = d - 4*d. Let z = -1 + d. Let q = 12 - z. What is the remainder when 9 is divided by q?
4
Let k(n) = n**2 - 6*n + 4. Calculate the remainder when 17 is divided by k(6).
1
Suppose 4*s = -19 + 67. Calculate the remainder when (34 + 0)*16/16 is divided by s.
10
Suppose -5*w = -m + 26, 5*m + w - 29 - 75 = 0. Suppose -3*s - 14 + 35 = 0. What is the remainder when m - (0 + -1)/(-1) is divided by s?
6
Suppose q - 2*q = -5. Let a = -4 + q. Let v = a - -8. What is the remainder when 26 is divided by v?
8
Let y